ens digit of -1*(138*3)/(-6)?
6
Suppose 2*i + 9 = 5*i. Suppose 0 = 2*z + 4*y + 4, -2*z + 50 = i*z - 2*y. Suppose 0*q + z = 4*q + 4*g, q + 4*g - 5 = 0. What is the units digit of q?
1
Let a = 62 - 41. What is the tens digit of a?
2
Suppose 3*c - 6 = -3. What is the units digit of ((-10)/(-4) + c)*2?
7
Let v = -8 + 12. Suppose 0 = -5*z - v*d, -6 = 5*z + d - 21. Suppose -z*l + 1 = -27. What is the units digit of l?
7
Suppose 0 = 2*j - 6*j + 112. What is the units digit of j?
8
Let c = 129 - 5. What is the hundreds digit of c?
1
Let o(g) = -4*g + 0*g - 6*g. What is the tens digit of o(-1)?
1
Let a be (-4)/6 + (-15)/(-9). Let j(o) = 3*o - 1 - o - 2*o**2 + o**2 + 14*o**3 + 0*o. What is the tens digit of j(a)?
1
Suppose -4 = -v - 1. Let g(p) = -6*p + p**3 + v*p**2 - 5 + 4 - 1. What is the units digit of g(-4)?
6
Let j be 4/(-1)*(1 - 2). Let z(y) = -y - 1. Let d(v) = 5*v + 13. Let w(b) = d(b) + 6*z(b). What is the units digit of w(j)?
3
Let d(s) = -13*s + 5. Let m(l) = -26*l + 11. Let k(j) = 13*d(j) - 6*m(j). What is the tens digit of k(-1)?
1
Let u(z) = -2*z - 2. Let g be u(-2). Suppose -3*k - 2*k + 57 = 4*j, -2*k = -g*j + 42. Suppose -3*s - 11 + 44 = -4*r, -r + j = 3*s. What is the units digit of s?
7
Let i(s) = s + 13. What is the tens digit of i(11)?
2
Suppose 0 = 2*x + 2 - 10. Suppose 0 = -x*t + 3 + 1. What is the units digit of t?
1
Suppose 0 = -w + 4*w, 5*w = -5*q + 10. Let g = q - -1. Suppose 8*v - 50 = g*v. What is the tens digit of v?
1
Suppose 31 = 2*x - 1. Let n = 28 - x. What is the tens digit of n?
1
Suppose -5 = -3*i + 1, -3*i - 81 = -3*a. Suppose 3*o = -4*s + a, s - 3 = -o + 5. What is the units digit of o?
3
Let t be (-4)/(-8)*(5 + -1). Suppose -1 = -t*m + 29. What is the units digit of m?
5
Let f(b) = -b**3 - 27*b**2 + 27*b + 3. What is the units digit of f(-28)?
1
Let q(r) = -r**3 - 3*r**2 + 4*r - 3. Let i be q(-4). Let n(j) = -7*j - 2. What is the units digit of n(i)?
9
Let g be (-3 + 0)/(1/(-3)). Let o = -8 - g. Let j = -10 - o. What is the units digit of j?
7
Suppose -3*i - 4*h + 982 = 2*i, 0 = 2*i + 3*h - 397. What is the tens digit of i?
9
Let h(j) = j**3 + 9*j**2 + j - 3. What is the tens digit of h(-8)?
5
Suppose -73 = -m - 2*m - 2*r, 4*r + 97 = 3*m. What is the units digit of m?
7
Let u be (3/(-5))/(1/(-10)). Suppose -3*x = -i + 8, 3*i + 4*x - 18 = u. What is the units digit of i?
8
Suppose 4*u = -4*v + u - 3, 3*v + 1 = -2*u. Let j(k) = 3*k - 5. What is the units digit of j(v)?
4
Suppose 4 = -0*l - l + 5*u, -5*l + 4*u - 20 = 0. Let w = l + 7. Let h = w + -2. What is the units digit of h?
1
Suppose -3*z + 0*a = -3*a - 3, 2*a + 2 = 4*z. Let c(s) = s + 1. Let i be c(3). Suppose -i*t = t, z = -b - 2*t + 14. What is the units digit of b?
4
Let u(r) = 7*r - 2 - 3*r**3 + 4*r**2 - 7 + 2*r**3 + 3. Let a be u(5). Let i = -2 + a. What is the units digit of i?
2
Let p(j) be the third derivative of -j**6/120 + j**4/24 + 16*j**3/3 + j**2. What is the tens digit of p(0)?
3
Suppose -4*g + 6 = -5*k - 12, 2*g = -2*k. Let c = 12 - g. Let d = c - 5. What is the units digit of d?
5
What is the tens digit of (-12)/(-30) + (-1316)/(-10)?
3
Let w(f) = f**3 + 5*f**2 + 4*f + 3. Suppose 5*u = -4*i + u, 2*u - 8 = 0. What is the units digit of w(i)?
3
Suppose -10 = 5*x - 80. Let a = -53 + 77. Let g = a - x. What is the tens digit of g?
1
Suppose -5*f = -2*y - 4, 3*y + f + 6 = 3*f. Let s be (-1 - y)*17/1. Suppose 0 = -5*o + s + 33. What is the tens digit of o?
1
Suppose l + 145 = 5*p, -2*p - l + 36 = 3*l. What is the tens digit of p?
2
What is the units digit of (-278 + -4 + 1)*-1?
1
Suppose 5*z - 3 = -3*c, -c - 2*c + 5*z = 27. Let f(w) = w**2 + 2*w + 4. What is the tens digit of f(c)?
1
Let b = -8 - -11. Suppose b*g - 14 = -2*h, -5*g = -4*h + h + 2. What is the units digit of h?
4
Suppose -6 = -2*v + 10. What is the tens digit of v/6 - (-256)/24?
1
Let o(n) = n**2 - 5*n + 51. What is the tens digit of o(-11)?
2
Let b be 84/16*(-24)/(-9). Let t = -1 + b. What is the units digit of t?
3
Let n be (-1 - 2/2) + 16. Let z = -3 + n. Let g = -7 + z. What is the units digit of g?
4
What is the tens digit of (2 + -3)*(1 + 2)*-31?
9
Suppose z + 13 = 3*z - o, 3*z + 3*o = 6. What is the units digit of -10*((-2)/z)/1?
4
Let o = -5 - -11. Suppose 0*h - 3*h + o = 0. Suppose 0 = 5*n - h*n - 42. What is the units digit of n?
4
Suppose -t - 25 = -6*t. Suppose -t*j + 16 = -j. Suppose 4*m - 2*f = 20, m - j*f + 5 = 10. What is the units digit of m?
5
Let f(m) be the first derivative of -2*m**2 - 2*m - 1. What is the units digit of f(-4)?
4
Suppose 3*y = 2*y + 1. Suppose -4*m + y = -15. What is the units digit of (-40)/(-6) + m/12?
7
Let v(c) = 4*c + 1. Let w be v(-3). Let m = w - -11. Let z = 2 + m. What is the units digit of z?
2
Let i be -1 - (-3 + -1*22). Let t = i - 13. What is the units digit of t?
1
Suppose 40*r = 34*r + 96. What is the tens digit of r?
1
Let t = -23 - -15. Suppose -3*q + 49 = w + 11, -2*w = -q - 41. Let s = t + w. What is the tens digit of s?
1
Suppose 18*y = 694 + 3122. What is the units digit of y?
2
Let j = 140 - 78. Suppose 3*s + 11 - j = 0. What is the tens digit of s?
1
Let a = 20 - 14. What is the units digit of a?
6
Let t be 68/(-10) + 1/(-5). Let h = 9 + t. What is the units digit of 1*-10*(-3)/h?
5
Suppose 0 = -t - 4*t. Suppose t*n - 36 = 2*n. Let y = -12 - n. What is the units digit of y?
6
Let i(l) be the first derivative of 1/2*l**2 + 10*l + 3. What is the units digit of i(-8)?
2
What is the units digit of 2328/18*(-1 + 5/2)?
4
Let q(y) = -2*y**3 - 4*y**2 - 3*y. Let m be q(-2). What is the units digit of (-4)/m - (-40)/6?
6
Suppose -13 = -3*u + 59. Suppose u = 2*s - 32. What is the tens digit of s?
2
What is the tens digit of 4/(-3) - (-1764)/27?
6
What is the units digit of -1 + 5/(20/104)?
5
Let k(r) = r**3 - 11*r**2 + 13*r - 5. What is the tens digit of k(10)?
2
Suppose 3*y - 15 = -3. Suppose 3*z = -i + 29, 0 = 2*z - y*i + 11 - 35. What is the units digit of z?
0
Let r(c) = c**2 - 10*c + 13. Let o be r(12). Suppose 5*u = -5*z - 140, -5*u - 113 = -2*z - 1. Let n = u + o. What is the tens digit of n?
1
Suppose -y - 2*a = 4, 4*y + 3*a - 5 = -16. What is the units digit of -7*(1 - (y - -4))?
7
Let s = -26 + 35. What is the units digit of s?
9
Suppose 0 = -5*p + 20, -5*u + 4*p = -0*u - 469. Let c = u - 45. Suppose -4*m = 4*s - c, -3*m = m + s - 46. What is the units digit of m?
1
Let t be (-1 + 12/9)*0. Suppose 2*j = -t*j + 104. What is the units digit of j?
2
Suppose -y - 4*d = -3*y + 188, -2*y + d = -179. What is the tens digit of y?
8
Let y(c) = -c**3 - 18*c**2 - 20*c + 55. What is the units digit of y(-18)?
5
What is the tens digit of ((-42)/(-126))/(1/642)?
1
Let l(f) = f**3 - 5*f**2 + 7*f - 5. What is the units digit of l(5)?
0
Suppose -5*i = -10*i - 3*x - 5, 20 = 4*x. What is the tens digit of (-3 - (0 + i)) + 23?
2
Suppose -3*z - s - 75 = -4*s, 0 = -5*z - 3*s - 133. Let b = 27 + z. What is the units digit of b?
1
Let c(q) = -q**3 - 7*q**2 - 13*q - 4. What is the tens digit of c(-5)?
1
Let d(o) = -9*o - 10. Let v(n) = -n - 1. Let x = 6 + 0. Let a(w) = x*v(w) - d(w). What is the tens digit of a(3)?
1
Let q = 10 + -6. Suppose -3*i - q*b + 5 = 0, -4*b - b - 11 = -2*i. Suppose -i = 2*j - 15. What is the units digit of j?
6
Let k = -7 + 13. Let g = 21 + k. What is the tens digit of g?
2
Suppose h + 4 = -5*r - 1, h - 27 = 3*r. Suppose -4*m + h = m. Suppose 5*n = 4*n + m. What is the units digit of n?
3
Let i(d) = -d**3 - 6*d**2 - 4*d + 3. Let y be i(-5). Let v be 2/y*1 - -1. What is the units digit of 2/(v + -1 + 2)?
2
Let t = 0 - -4. Let s be (t - 3) + 1 - 2. Suppose s = -5*a - 5*g + 25, 3*a + 4*g + 0*g = 10. What is the tens digit of a?
1
Let h(r) = 8*r + 11. What is the tens digit of h(15)?
3
Suppose -5*z + 3*z = -66. What is the units digit of z?
3
Let m be (-22)/(-99) + 7/9. What is the units digit of ((-15)/45)/(m/(-3))?
1
Let v be (3/6 + -1)*-6. Suppose 3*m + 3*w = 0, -m = -v*m + 2*w + 12. What is the units digit of m?
3
Let k = -2 + 3. Let g(s) = 11*s**3 - s**2 + 1. What is the tens digit of g(k)?
1
Suppose 0 = 2*i - 4*i + 20. Let s = i - -8. What is the units digit of s?
8
Suppose 5*m - v - 3 = 0, -3*m - v - 3 = -2*m. Suppose -3*n - 2*n + 25 = m. Suppose 2*h - n = -3*h. What is the units digit of h?
1
Let q(c) be the second d